{"id":3,"date":"2020-04-09T23:08:44","date_gmt":"2020-04-10T02:08:44","guid":{"rendered":"https:\/\/www.flacunhasemijoias.com.br\/loja_aberta\/?page_id=3"},"modified":"2026-03-30T20:04:23","modified_gmt":"2026-03-30T23:04:23","slug":"politica-de-privacidade","status":"publish","type":"page","link":"https:\/\/www.flacunhasemijoias.com.br\/loja\/politica-de-privacidade\/","title":{"rendered":"Pol\u00edtica de Privacidade"},"content":{"rendered":"\n<h3 class=\"wp-block-heading\">SE\u00c7\u00c3O 1 &#8211; INFORMA\u00c7\u00d5ES GERAIS<\/h3>\n\n\n\n<p>A presente Pol\u00edtica de Privacidade cont\u00e9m informa\u00e7\u00f5es sobre coleta, uso, armazenamento, tratamento e prote\u00e7\u00e3o dos dados pessoais dos usu\u00e1rios e visitantes do site flacunhasemijoias.com.br, com a finalidade de demonstrar absoluta transpar\u00eancia quanto ao assunto e esclarecer a todos interessados sobre os tipos de dados que s\u00e3o coletados, os motivos da coleta e a forma como os usu\u00e1rios podem gerenciar ou excluir as suas informa\u00e7\u00f5es pessoais.<\/p>\n\n\n\n<p>Esta Pol\u00edtica de Privacidade aplica-se a todos os usu\u00e1rios e visitantes do site flacunhasemijoias.com.br e integra os Termos e Condi\u00e7\u00f5es Gerais de Uso do site flacunhasemijoias.com.br, devidamente inscrito no CNPJ sob o n\u00ba 28.317.478\/0001-69, situado em Campinas, com o nome fantasia Fl\u00e1 Cunha Semijoias.<\/p>\n\n\n\n<p>O presente documento foi elaborado em conformidade com a Lei Geral de Prote\u00e7\u00e3o de Dados Pessoais (Lei 13.709\/18), o Marco Civil da Internet (Lei 12.965\/14) e o Regulamento da UE n. 2016\/6790. Ainda, o documento poder\u00e1 ser atualizado em decorr\u00eancia de eventual atualiza\u00e7\u00e3o normativa, raz\u00e3o pela qual se convida o usu\u00e1rio a consultar periodicamente esta se\u00e7\u00e3o.<\/p>\n\n\n\n<h3 class=\"wp-block-heading\">SE\u00c7\u00c3O 2 &#8211; COMO RECOLHEMOS OS DADOS PESSOAIS DO USU\u00c1RIO E DO VISITANTE?<\/h3>\n\n\n\n<p>Os dados pessoais do usu\u00e1rio e visitante s\u00e3o recolhidos pela plataforma da seguinte forma:<\/p>\n\n\n\n<p>2.1 Quando o usu\u00e1rio envia os seus dados no formul\u00e1rio \u201cFale conosco\u201d.<\/p>\n\n\n\n<p>2.2. Quando o usu\u00e1rio cria uma conta ou entra com os seus dados para realizar uma compra na loja virtual.<\/p>\n\n\n\n<p>2.3. Por interm\u00e9dio de terceiro: a plataforma flacunhasemijoias.com.br recebe dados de terceiros, como a PagSeguro, com o objetivo de confirma\u00e7\u00e3o do pagamento dos valores devidos. A utiliza\u00e7\u00e3o desses dados \u00e9 autorizada previamente pelos usu\u00e1rios junto ao terceiro em quest\u00e3o.<\/p>\n\n\n\n<p>2.4. Quando um usu\u00e1rio e visitante acessa p\u00e1ginas do site flacunhasemijoias.com.br: as informa\u00e7\u00f5es sobre intera\u00e7\u00e3o e acesso s\u00e3o coletadas pela empresa para garantir uma melhor experi\u00eancia ao usu\u00e1rio e visitante.<\/p>\n\n\n\n<h3 class=\"wp-block-heading\">SE\u00c7\u00c3O 3 &#8211; QUAIS DADOS PESSOAIS RECOLHEMOS SOBRE O USU\u00c1RIO E VISITANTE?<\/h3>\n\n\n\n<p>Os dados pessoais do usu\u00e1rio e visitante recolhidos s\u00e3o os seguintes:<\/p>\n\n\n\n<p>3.1. Dados para concretizar transa\u00e7\u00f5es: e-mail, nome completo, CPF, endere\u00e7o, telefone e pagamentos efetuados. Note que os dados do cart\u00e3o de cr\u00e9dito ou da conta, usados para o pagamento, s\u00e3o coletados e processados em ambientes dedicados de terceiros (ex: PagSeguro) e n\u00e3o s\u00e3o disponibilizados ao nosso site.<\/p>\n\n\n\n<p>3.2. Dados relacionados a contratos: diante da formaliza\u00e7\u00e3o do contrato de compra e venda ou de presta\u00e7\u00e3o de servi\u00e7os entre a plataforma e o usu\u00e1rio e visitante poder\u00e3o ser coletados e armazenados dados relativos a execu\u00e7\u00e3o contratual, inclusive as comunica\u00e7\u00f5es realizadas entre a empresa e o usu\u00e1rio.<\/p>\n\n\n\n<p>3.3. Dados para otimiza\u00e7\u00e3o da navega\u00e7\u00e3o: estes dados podem tratar sobre as palavras-chaves utilizadas em uma busca, coment\u00e1rios, visualiza\u00e7\u00f5es de p\u00e1ginas, perfis, a URL de onde o usu\u00e1rio e visitante prov\u00eam, o navegador que utilizam e seus IPs de acesso, dentre outras que poder\u00e3o ser armazenadas e retidas.<\/p>\n\n\n\n<h3 class=\"wp-block-heading\">SE\u00c7\u00c3O 4 &#8211; PARA QUE FINALIDADES UTILIZAMOS OS DADOS PESSOAIS DO USU\u00c1RIO E VISITANTE?<\/h3>\n\n\n\n<p>Os dados pessoais do usu\u00e1rio e do visitante coletados e armazenados pela plataforma tem por finalidade:<\/p>\n\n\n\n<p>4.1. Processamento da compra, entrega do produto, envio do status da compra, contato em caso de qualquer problema e suporte p\u00f3s-venda.<\/p>\n\n\n\n<p>4.2. Dados de contrato: conferir \u00e0s partes seguran\u00e7a jur\u00eddica e facilitar a conclus\u00e3o do neg\u00f3cio.<\/p>\n\n\n\n<p>4.3. Melhorias da plataforma: compreender como o usu\u00e1rio utiliza os servi\u00e7os da plataforma, para ajudar no desenvolvimento de neg\u00f3cios e aprimoramento do site.<\/p>\n\n\n\n<p>O tratamento de dados pessoais para finalidades n\u00e3o previstas nesta Pol\u00edtica de Privacidade somente ocorrer\u00e1 mediante comunica\u00e7\u00e3o pr\u00e9via ao usu\u00e1rio, de modo que os direitos e obriga\u00e7\u00f5es aqui previstos permanecem aplic\u00e1veis.<\/p>\n\n\n\n<h3 class=\"wp-block-heading\">SE\u00c7\u00c3O 5 &#8211; POR QUANTO TEMPO OS DADOS PESSOAIS FICAM ARMAZENADOS?<\/h3>\n\n\n\n<p>Os dados pessoais do usu\u00e1rio e visitante s\u00e3o armazenados pela plataforma durante o per\u00edodo necess\u00e1rio para a presta\u00e7\u00e3o do servi\u00e7o ou o cumprimento das finalidades previstas no presente documento, conforme o disposto no inciso I do artigo 15 da Lei 13.709\/18.<\/p>\n\n\n\n<p>Os dados podem ser removidos ou anonimizados a pedido do usu\u00e1rio, excetuando os casos em que a lei oferecer outro tratamento.<\/p>\n\n\n\n<p>Ainda, os dados pessoais dos usu\u00e1rios apenas podem ser conservados ap\u00f3s o t\u00e9rmino de seu tratamento nas seguintes hip\u00f3teses previstas no artigo 16 da referida lei:<\/p>\n\n\n\n<p>I &#8211; cumprimento de obriga\u00e7\u00e3o legal ou regulat\u00f3ria pelo controlador;<\/p>\n\n\n\n<p>II &#8211; estudo por \u00f3rg\u00e3o de pesquisa, garantida, sempre que poss\u00edvel, a anonimiza\u00e7\u00e3o dos dados pessoais;<\/p>\n\n\n\n<p>III &#8211; transfer\u00eancia a terceiro, desde que respeitados os requisitos de tratamento de dados dispostos nesta Lei;<\/p>\n\n\n\n<p>IV &#8211; uso exclusivo do controlador, vedado seu acesso por terceiro, e desde que anonimizados os dados.<\/p>\n\n\n\n<h3 class=\"wp-block-heading\">SE\u00c7\u00c3O 6 &#8211; SEGURAN\u00c7A DOS DADOS PESSOAIS ARMAZENADOS<\/h3>\n\n\n\n<p>A plataforma se compromete a aplicar as medidas t\u00e9cnicas e organizativas aptas a proteger os dados pessoais de acessos n\u00e3o autorizados e de situa\u00e7\u00f5es de destrui\u00e7\u00e3o, perda, altera\u00e7\u00e3o, comunica\u00e7\u00e3o ou difus\u00e3o de tais dados.<\/p>\n\n\n\n<p>Todas as transa\u00e7\u00f5es com a plataforma usa a tecnologia &#8220;secure socket layer&#8221; (SSL) ou \u201ctransport layer security\u201d (TLS) que garantem a transmiss\u00e3o dos dados entre o servidor e o usu\u00e1rio de maneira cifrada e encriptada, aumentando a seguran\u00e7a e a confidencialidade destas comunica\u00e7\u00f5es.<\/p>\n\n\n\n<p>A plataforma se exime de responsabilidade por culpa exclusiva de terceiro, como em caso de ataque de hackers ou crackers, ou ent\u00e3o de culpa exclusiva do usu\u00e1rio, como no caso em que ele mesmo transfere seus dados a terceiros. O site se compromete a comunicar o usu\u00e1rio caso detecte alguma viola\u00e7\u00e3o de seguran\u00e7a dos seus dados pessoais.<\/p>\n\n\n\n<p>Os dados pessoais armazenados s\u00e3o tratados com confidencialidade, dentro dos limites legais. No entanto, podemos divulgar suas informa\u00e7\u00f5es pessoais caso sejamos obrigados pela lei para faz\u00ea-lo ou se voc\u00ea violar nossos Termos de Servi\u00e7o.<\/p>\n\n\n\n<h3 class=\"wp-block-heading\">SE\u00c7\u00c3O 7 &#8211; OS DADOS PESSOAIS ARMAZENADOS SER\u00c3O TRANSFERIDOS A TERCEIROS?<\/h3>\n\n\n\n<p>Os terceiros indicados recebem os dados na medida do necess\u00e1rio para permitir que eles realizem os servi\u00e7os contratados (ex.: a transportadora receber\u00e1 o seu nome e endere\u00e7o para a entrega dos produtos).<\/p>\n\n\n\n<p>Com rela\u00e7\u00e3o aos fornecedores de servi\u00e7os terceirizados como processadores de transa\u00e7\u00e3o de pagamento, informamos que cada qual tem sua pr\u00f3pria pol\u00edtica de privacidade. Desse modo, recomendamos a leitura das suas pol\u00edticas de privacidade para compreens\u00e3o de quais informa\u00e7\u00f5es pessoais ser\u00e3o usadas por esses fornecedores.<\/p>\n\n\n\n<h3 class=\"wp-block-heading\">SE\u00c7\u00c3O 8 &#8211; COOKIES OU DADOS DE NAVEGA\u00c7\u00c3O<\/h3>\n\n\n\n<p>Os cookies referem-se a arquivos de texto enviados pela plataforma ao computador do usu\u00e1rio e visitante e que nele ficam armazenados, com informa\u00e7\u00f5es relacionadas \u00e0 navega\u00e7\u00e3o no site. Tais informa\u00e7\u00f5es s\u00e3o relacionadas aos dados de acesso como local e hor\u00e1rio de acesso e s\u00e3o armazenadas pelo navegador do usu\u00e1rio e visitante para que o servidor da plataforma possa l\u00ea-las posteriormente a fim de personalizar os servi\u00e7os da plataforma.<\/p>\n\n\n\n<p>O usu\u00e1rio e o visitante da plataforma flacunhasemijoias.com.br manifesta conhecer e aceitar que pode ser utilizado um sistema de coleta de dados de navega\u00e7\u00e3o mediante a utiliza\u00e7\u00e3o de cookies.<\/p>\n\n\n\n<p>O cookie persistente permanece no disco r\u00edgido do usu\u00e1rio e visitante depois que o navegador \u00e9 fechado e ser\u00e1 usado pelo navegador em visitas subsequentes ao site. Os cookies persistentes podem ser removidos seguindo as instru\u00e7\u00f5es do seu navegador. J\u00e1 o cookie de sess\u00e3o \u00e9 tempor\u00e1rio e desaparece depois que o navegador \u00e9 fechado. \u00c9 poss\u00edvel redefinir seu navegador da web para recusar todos os cookies, por\u00e9m alguns recursos da plataforma podem n\u00e3o funcionar corretamente se a capacidade de aceitar cookies estiver desabilitada.<\/p>\n\n\n\n<h3 class=\"wp-block-heading\">SE\u00c7\u00c3O 9 &#8211; CONSENTIMENTO<\/h3>\n\n\n\n<p>Ao utilizar os servi\u00e7os e fornecer as informa\u00e7\u00f5es pessoais na plataforma, o usu\u00e1rio est\u00e1 consentindo com a presente Pol\u00edtica de Privacidade.<\/p>\n\n\n\n<p>O usu\u00e1rio, ao cadastrar-se, manifesta conhecer e pode exercitar seus direitos de cancelar seu cadastro, acessar e atualizar seus dados pessoais e garante a veracidade das informa\u00e7\u00f5es por ele disponibilizadas.<\/p>\n\n\n\n<p>O usu\u00e1rio tem direito de retirar o seu consentimento a qualquer tempo, para tanto deve entrar em contato atrav\u00e9s do e-mail sac@flacunhasemijoias.com.br<\/p>\n\n\n\n<h3 class=\"wp-block-heading\">SE\u00c7\u00c3O 10 &#8211; ALTERA\u00c7\u00d5ES PARA ESSA POL\u00cdTICA DE PRIVACIDADE<\/h3>\n\n\n\n<p>Reservamos o direito de modificar essa Pol\u00edtica de Privacidade a qualquer momento, ent\u00e3o, \u00e9 recomend\u00e1vel que o usu\u00e1rio e visitante revise-a com frequ\u00eancia.<\/p>\n\n\n\n<p>As altera\u00e7\u00f5es e esclarecimentos v\u00e3o surtir efeito imediatamente ap\u00f3s sua publica\u00e7\u00e3o na plataforma. Ao utilizar o servi\u00e7o ou fornecer informa\u00e7\u00f5es pessoais ap\u00f3s eventuais modifica\u00e7\u00f5es, o usu\u00e1rio e visitante demonstra sua concord\u00e2ncia com as novas normas.<\/p>\n\n\n\n<p>Diante da fus\u00e3o ou venda da plataforma \u00e0 outra empresa os dados dos usu\u00e1rios podem ser transferidas para os novos propriet\u00e1rios para que a perman\u00eancia dos servi\u00e7os oferecidos.<\/p>\n\n\n\n<h3 class=\"wp-block-heading\">SE\u00c7\u00c3O 11 &#8211; JURISDI\u00c7\u00c3O PARA RESOLU\u00c7\u00c3O DE CONFLITOS<\/h3>\n\n\n\n<p>Para a solu\u00e7\u00e3o de controv\u00e9rsias decorrentes do presente instrumento ser\u00e1 aplicado integralmente o Direito brasileiro.<\/p>\n\n\n\n<p>Os eventuais lit\u00edgios dever\u00e3o ser apresentados no foro da comarca em que se encontra a sede da empresa.<\/p>\n\n\n\n<hr class=\"wp-block-separator has-css-opacity\"\/>\n\n\n\n<p>16\/05\/2021<\/p>\n\n\n\n<p>\u00a9 2026 Fl\u00e1 Cunha Semijoias<\/p>\n","protected":false},"excerpt":{"rendered":"<p>SE\u00c7\u00c3O 1 &#8211; INFORMA\u00c7\u00d5ES GERAIS A presente Pol\u00edtica de Privacidade cont\u00e9m informa\u00e7\u00f5es sobre coleta, uso, armazenamento, tratamento e prote\u00e7\u00e3o dos dados pessoais dos usu\u00e1rios e visitantes do site flacunhasemijoias.com.br, com a finalidade de demonstrar absoluta transpar\u00eancia quanto ao assunto e esclarecer a todos interessados sobre os tipos de dados que s\u00e3o coletados, os motivos da [&hellip;]<\/p>\n","protected":false},"author":1,"featured_media":0,"parent":0,"menu_order":0,"comment_status":"closed","ping_status":"closed","template":"template-fullwidth.php","meta":{"footnotes":""},"class_list":["post-3","page","type-page","status-publish","hentry"],"aioseo_notices":[],"_links":{"self":[{"href":"https:\/\/www.flacunhasemijoias.com.br\/loja\/wp-json\/wp\/v2\/pages\/3","targetHints":{"allow":["GET"]}}],"collection":[{"href":"https:\/\/www.flacunhasemijoias.com.br\/loja\/wp-json\/wp\/v2\/pages"}],"about":[{"href":"https:\/\/www.flacunhasemijoias.com.br\/loja\/wp-json\/wp\/v2\/types\/page"}],"author":[{"embeddable":true,"href":"https:\/\/www.flacunhasemijoias.com.br\/loja\/wp-json\/wp\/v2\/users\/1"}],"replies":[{"embeddable":true,"href":"https:\/\/www.flacunhasemijoias.com.br\/loja\/wp-json\/wp\/v2\/comments?post=3"}],"version-history":[{"count":5,"href":"https:\/\/www.flacunhasemijoias.com.br\/loja\/wp-json\/wp\/v2\/pages\/3\/revisions"}],"predecessor-version":[{"id":8132,"href":"https:\/\/www.flacunhasemijoias.com.br\/loja\/wp-json\/wp\/v2\/pages\/3\/revisions\/8132"}],"wp:attachment":[{"href":"https:\/\/www.flacunhasemijoias.com.br\/loja\/wp-json\/wp\/v2\/media?parent=3"}],"curies":[{"name":"wp","href":"https:\/\/api.w.org\/{rel}","templated":true}]}}