{"id":2867,"date":"2025-03-25T15:42:09","date_gmt":"2025-03-25T18:42:09","guid":{"rendered":"https:\/\/www.flacunhasemijoias.com.br\/loja\/?post_type=product&#038;p=2867"},"modified":"2025-07-16T16:31:15","modified_gmt":"2025-07-16T19:31:15","slug":"colar-1-pedra-zamac","status":"publish","type":"product","link":"https:\/\/www.flacunhasemijoias.com.br\/loja\/produto\/colar-1-pedra-zamac\/","title":{"rendered":"Colar Gota Zamac"},"content":{"rendered":"<p>Esse belo colar \u00e9 de zamac, que \u00e9 uma liga met\u00e1lica composta por zinco, magn\u00e9sio, alum\u00ednio e cobre com banho de prata 950.<\/p>\n<p>As pedras s\u00e3o cristais de quartzo e a corrente dupla cont\u00e9m esferas.<\/p>\n<p>Nossas pe\u00e7as s\u00e3o antial\u00e9rgicas, livre de n\u00edquel.<\/p>\n","protected":false},"excerpt":{"rendered":"<p>Esse belo colar \u00e9 de zamac, que \u00e9 uma liga met\u00e1lica composta por zinco, magn\u00e9sio, alum\u00ednio e cobre com banho de prata 950. As pedras s\u00e3o cristais de quartzo e a corrente dupla cont\u00e9m esferas. Nossas pe\u00e7as s\u00e3o antial\u00e9rgicas, livre de n\u00edquel.<\/p>\n","protected":false},"featured_media":2878,"template":"","meta":[],"product_brand":[],"product_cat":[46],"product_tag":[85,142,54],"class_list":{"0":"post-2867","1":"product","2":"type-product","3":"status-publish","4":"has-post-thumbnail","6":"product_cat-colares","7":"product_tag-colar","8":"product_tag-zamac","9":"product_tag-zirconia","11":"first","12":"outofstock","13":"shipping-taxable","14":"purchasable","15":"product-type-simple"},"aioseo_notices":[],"_links":{"self":[{"href":"https:\/\/www.flacunhasemijoias.com.br\/loja\/wp-json\/wp\/v2\/product\/2867","targetHints":{"allow":["GET"]}}],"collection":[{"href":"https:\/\/www.flacunhasemijoias.com.br\/loja\/wp-json\/wp\/v2\/product"}],"about":[{"href":"https:\/\/www.flacunhasemijoias.com.br\/loja\/wp-json\/wp\/v2\/types\/product"}],"wp:featuredmedia":[{"embeddable":true,"href":"https:\/\/www.flacunhasemijoias.com.br\/loja\/wp-json\/wp\/v2\/media\/2878"}],"wp:attachment":[{"href":"https:\/\/www.flacunhasemijoias.com.br\/loja\/wp-json\/wp\/v2\/media?parent=2867"}],"wp:term":[{"taxonomy":"product_brand","embeddable":true,"href":"https:\/\/www.flacunhasemijoias.com.br\/loja\/wp-json\/wp\/v2\/product_brand?post=2867"},{"taxonomy":"product_cat","embeddable":true,"href":"https:\/\/www.flacunhasemijoias.com.br\/loja\/wp-json\/wp\/v2\/product_cat?post=2867"},{"taxonomy":"product_tag","embeddable":true,"href":"https:\/\/www.flacunhasemijoias.com.br\/loja\/wp-json\/wp\/v2\/product_tag?post=2867"}],"curies":[{"name":"wp","href":"https:\/\/api.w.org\/{rel}","templated":true}]}}