{"id":3771,"date":"2025-04-10T12:22:43","date_gmt":"2025-04-10T15:22:43","guid":{"rendered":"https:\/\/www.flacunhasemijoias.com.br\/loja\/?post_type=product&#038;p=3771"},"modified":"2025-07-18T14:01:54","modified_gmt":"2025-07-18T17:01:54","slug":"anel-mini-coracoes-prata-925-2","status":"publish","type":"product","link":"https:\/\/www.flacunhasemijoias.com.br\/loja\/produto\/anel-mini-coracoes-prata-925-2\/","title":{"rendered":"Anel Mini Cora\u00e7\u00f5es em Prata 925"},"content":{"rendered":"<p>Anel com mini cora\u00e7\u00f5es com zirc\u00f4nias e um ponto de luz com zirc\u00f4nia branca em prata 925.<\/p>\n","protected":false},"excerpt":{"rendered":"<p>Anel com mini cora\u00e7\u00f5es com zirc\u00f4nias e um ponto de luz com zirc\u00f4nia branca em prata 925.<\/p>\n","protected":false},"featured_media":3773,"template":"","meta":[],"product_brand":[],"product_cat":[213],"product_tag":[65,113,72,141,54],"class_list":{"0":"post-3771","1":"product","2":"type-product","3":"status-publish","4":"has-post-thumbnail","6":"product_cat-aneis","7":"product_tag-anel","8":"product_tag-coracao","9":"product_tag-cravejado","10":"product_tag-prata-925","11":"product_tag-zirconia","12":"pa_numero-36","14":"first","15":"instock","16":"shipping-taxable","17":"purchasable","18":"product-type-variable"},"aioseo_notices":[],"_links":{"self":[{"href":"https:\/\/www.flacunhasemijoias.com.br\/loja\/wp-json\/wp\/v2\/product\/3771","targetHints":{"allow":["GET"]}}],"collection":[{"href":"https:\/\/www.flacunhasemijoias.com.br\/loja\/wp-json\/wp\/v2\/product"}],"about":[{"href":"https:\/\/www.flacunhasemijoias.com.br\/loja\/wp-json\/wp\/v2\/types\/product"}],"wp:featuredmedia":[{"embeddable":true,"href":"https:\/\/www.flacunhasemijoias.com.br\/loja\/wp-json\/wp\/v2\/media\/3773"}],"wp:attachment":[{"href":"https:\/\/www.flacunhasemijoias.com.br\/loja\/wp-json\/wp\/v2\/media?parent=3771"}],"wp:term":[{"taxonomy":"product_brand","embeddable":true,"href":"https:\/\/www.flacunhasemijoias.com.br\/loja\/wp-json\/wp\/v2\/product_brand?post=3771"},{"taxonomy":"product_cat","embeddable":true,"href":"https:\/\/www.flacunhasemijoias.com.br\/loja\/wp-json\/wp\/v2\/product_cat?post=3771"},{"taxonomy":"product_tag","embeddable":true,"href":"https:\/\/www.flacunhasemijoias.com.br\/loja\/wp-json\/wp\/v2\/product_tag?post=3771"}],"curies":[{"name":"wp","href":"https:\/\/api.w.org\/{rel}","templated":true}]}}