{"id":4275,"date":"2025-05-02T16:50:40","date_gmt":"2025-05-02T19:50:40","guid":{"rendered":"https:\/\/www.flacunhasemijoias.com.br\/loja\/?post_type=product&#038;p=4275"},"modified":"2025-05-31T11:47:44","modified_gmt":"2025-05-31T14:47:44","slug":"brinco-duo-banhado-ouro-18k-e-rodio-branco","status":"publish","type":"product","link":"https:\/\/www.flacunhasemijoias.com.br\/loja\/produto\/brinco-duo-banhado-ouro-18k-e-rodio-branco\/","title":{"rendered":"Brinco Duo Banhado Ouro 18k e R\u00f3dio Branco"},"content":{"rendered":"<p>Brinco duo org\u00e2nico, banhado a ouro 18k e r\u00f3dio branco.<\/p>\n","protected":false},"excerpt":{"rendered":"<p>Brinco duo org\u00e2nico, banhado a ouro 18k e r\u00f3dio branco.<\/p>\n","protected":false},"featured_media":4276,"template":"","meta":[],"product_brand":[],"product_cat":[45],"product_tag":[66,239,62,143,160],"class_list":{"0":"post-4275","1":"product","2":"type-product","3":"status-publish","4":"has-post-thumbnail","6":"product_cat-brincos","7":"product_tag-brinco","8":"product_tag-duo","9":"product_tag-folheado","10":"product_tag-organico","11":"product_tag-rodio-branco","13":"first","14":"outofstock","15":"shipping-taxable","16":"purchasable","17":"product-type-simple"},"aioseo_notices":[],"_links":{"self":[{"href":"https:\/\/www.flacunhasemijoias.com.br\/loja\/wp-json\/wp\/v2\/product\/4275","targetHints":{"allow":["GET"]}}],"collection":[{"href":"https:\/\/www.flacunhasemijoias.com.br\/loja\/wp-json\/wp\/v2\/product"}],"about":[{"href":"https:\/\/www.flacunhasemijoias.com.br\/loja\/wp-json\/wp\/v2\/types\/product"}],"wp:featuredmedia":[{"embeddable":true,"href":"https:\/\/www.flacunhasemijoias.com.br\/loja\/wp-json\/wp\/v2\/media\/4276"}],"wp:attachment":[{"href":"https:\/\/www.flacunhasemijoias.com.br\/loja\/wp-json\/wp\/v2\/media?parent=4275"}],"wp:term":[{"taxonomy":"product_brand","embeddable":true,"href":"https:\/\/www.flacunhasemijoias.com.br\/loja\/wp-json\/wp\/v2\/product_brand?post=4275"},{"taxonomy":"product_cat","embeddable":true,"href":"https:\/\/www.flacunhasemijoias.com.br\/loja\/wp-json\/wp\/v2\/product_cat?post=4275"},{"taxonomy":"product_tag","embeddable":true,"href":"https:\/\/www.flacunhasemijoias.com.br\/loja\/wp-json\/wp\/v2\/product_tag?post=4275"}],"curies":[{"name":"wp","href":"https:\/\/api.w.org\/{rel}","templated":true}]}}