{"id":5796,"date":"2025-08-23T12:53:45","date_gmt":"2025-08-23T15:53:45","guid":{"rendered":"https:\/\/www.flacunhasemijoias.com.br\/loja\/?post_type=product&#038;p=5796"},"modified":"2026-01-24T16:19:57","modified_gmt":"2026-01-24T19:19:57","slug":"pulseira-riviera-morganita-em-rodio-branco","status":"publish","type":"product","link":"https:\/\/www.flacunhasemijoias.com.br\/loja\/produto\/pulseira-riviera-morganita-em-rodio-branco\/","title":{"rendered":"Pulseira Riviera com Zirc\u00f4nia Morganita em R\u00f3dio Branco"},"content":{"rendered":"<p>Pulseira riviera com zirc\u00f4nia morganita, em r\u00f3dio branco. Fecho gaveta.<\/p>\n","protected":false},"excerpt":{"rendered":"<p>Pulseira riviera com zirc\u00f4nia morganita, em r\u00f3dio branco. Fecho gaveta.<\/p>\n","protected":false},"featured_media":5797,"template":"","meta":[],"product_brand":[],"product_cat":[47],"product_tag":[57,73,122,160],"class_list":{"0":"post-5796","1":"product","2":"type-product","3":"status-publish","4":"has-post-thumbnail","6":"product_cat-pulseiras","7":"product_tag-morganita","8":"product_tag-pulseira","9":"product_tag-riviera","10":"product_tag-rodio-branco","12":"first","13":"outofstock","14":"shipping-taxable","15":"purchasable","16":"product-type-simple"},"aioseo_notices":[],"_links":{"self":[{"href":"https:\/\/www.flacunhasemijoias.com.br\/loja\/wp-json\/wp\/v2\/product\/5796","targetHints":{"allow":["GET"]}}],"collection":[{"href":"https:\/\/www.flacunhasemijoias.com.br\/loja\/wp-json\/wp\/v2\/product"}],"about":[{"href":"https:\/\/www.flacunhasemijoias.com.br\/loja\/wp-json\/wp\/v2\/types\/product"}],"wp:featuredmedia":[{"embeddable":true,"href":"https:\/\/www.flacunhasemijoias.com.br\/loja\/wp-json\/wp\/v2\/media\/5797"}],"wp:attachment":[{"href":"https:\/\/www.flacunhasemijoias.com.br\/loja\/wp-json\/wp\/v2\/media?parent=5796"}],"wp:term":[{"taxonomy":"product_brand","embeddable":true,"href":"https:\/\/www.flacunhasemijoias.com.br\/loja\/wp-json\/wp\/v2\/product_brand?post=5796"},{"taxonomy":"product_cat","embeddable":true,"href":"https:\/\/www.flacunhasemijoias.com.br\/loja\/wp-json\/wp\/v2\/product_cat?post=5796"},{"taxonomy":"product_tag","embeddable":true,"href":"https:\/\/www.flacunhasemijoias.com.br\/loja\/wp-json\/wp\/v2\/product_tag?post=5796"}],"curies":[{"name":"wp","href":"https:\/\/api.w.org\/{rel}","templated":true}]}}