{"id":6109,"date":"2025-10-01T17:13:12","date_gmt":"2025-10-01T20:13:12","guid":{"rendered":"https:\/\/www.flacunhasemijoias.com.br\/loja\/?post_type=product&#038;p=6109"},"modified":"2026-02-06T10:01:53","modified_gmt":"2026-02-06T13:01:53","slug":"colar-pedra-natural-pirita-com-pingente-de-coracao-banhado-a-ouro18k","status":"publish","type":"product","link":"https:\/\/www.flacunhasemijoias.com.br\/loja\/produto\/colar-pedra-natural-pirita-com-pingente-de-coracao-banhado-a-ouro18k\/","title":{"rendered":"Colar Pedra Natural Pirita com Pingente de Cora\u00e7\u00e3o Banhado a Ouro18k"},"content":{"rendered":"<p>Colar pedra natural pirita com pingente de cora\u00e7\u00e3o cravejado de zirc\u00f4nias brancas, banhado a ouro 18k.<\/p>\n","protected":false},"excerpt":{"rendered":"<p>Colar pedra natural pirita com pingente de cora\u00e7\u00e3o cravejado de zirc\u00f4nias brancas, banhado a ouro 18k.<\/p>\n","protected":false},"featured_media":6110,"template":"","meta":[],"product_brand":[],"product_cat":[46],"product_tag":[85,72,325,62,275,54],"class_list":{"0":"post-6109","1":"product","2":"type-product","3":"status-publish","4":"has-post-thumbnail","6":"product_cat-colares","7":"product_tag-colar","8":"product_tag-cravejado","9":"product_tag-cruz","10":"product_tag-folheado","11":"product_tag-pirita","12":"product_tag-zirconia","14":"first","15":"outofstock","16":"shipping-taxable","17":"purchasable","18":"product-type-simple"},"aioseo_notices":[],"_links":{"self":[{"href":"https:\/\/www.flacunhasemijoias.com.br\/loja\/wp-json\/wp\/v2\/product\/6109","targetHints":{"allow":["GET"]}}],"collection":[{"href":"https:\/\/www.flacunhasemijoias.com.br\/loja\/wp-json\/wp\/v2\/product"}],"about":[{"href":"https:\/\/www.flacunhasemijoias.com.br\/loja\/wp-json\/wp\/v2\/types\/product"}],"wp:featuredmedia":[{"embeddable":true,"href":"https:\/\/www.flacunhasemijoias.com.br\/loja\/wp-json\/wp\/v2\/media\/6110"}],"wp:attachment":[{"href":"https:\/\/www.flacunhasemijoias.com.br\/loja\/wp-json\/wp\/v2\/media?parent=6109"}],"wp:term":[{"taxonomy":"product_brand","embeddable":true,"href":"https:\/\/www.flacunhasemijoias.com.br\/loja\/wp-json\/wp\/v2\/product_brand?post=6109"},{"taxonomy":"product_cat","embeddable":true,"href":"https:\/\/www.flacunhasemijoias.com.br\/loja\/wp-json\/wp\/v2\/product_cat?post=6109"},{"taxonomy":"product_tag","embeddable":true,"href":"https:\/\/www.flacunhasemijoias.com.br\/loja\/wp-json\/wp\/v2\/product_tag?post=6109"}],"curies":[{"name":"wp","href":"https:\/\/api.w.org\/{rel}","templated":true}]}}