{"id":6619,"date":"2025-11-13T12:22:19","date_gmt":"2025-11-13T15:22:19","guid":{"rendered":"https:\/\/www.flacunhasemijoias.com.br\/loja\/?post_type=product&#038;p=6619"},"modified":"2026-02-07T09:52:23","modified_gmt":"2026-02-07T12:52:23","slug":"colar-trevo-4-petalas-em-formato-de-coracao-em-prata-925-e-banho-de-ouro18k","status":"publish","type":"product","link":"https:\/\/www.flacunhasemijoias.com.br\/loja\/produto\/colar-trevo-4-petalas-em-formato-de-coracao-em-prata-925-e-banho-de-ouro18k\/","title":{"rendered":"Colar trevo 4 P\u00e9talas em Formato de Cora\u00e7\u00e3o em Prata 925 e Banho de Ouro18k"},"content":{"rendered":"<p>Colar trevo 4 p\u00e9talas em formato de cora\u00e7\u00e3o, em prata 925 e banho de ouro 18k.<\/p>\n","protected":false},"excerpt":{"rendered":"<p>Colar trevo 4 p\u00e9talas em formato de cora\u00e7\u00e3o, em prata 925 e banho de ouro 18k.<\/p>\n","protected":false},"featured_media":6620,"template":"","meta":[],"product_brand":[],"product_cat":[46],"product_tag":[284,85,72,62,141,54],"class_list":{"0":"post-6619","1":"product","2":"type-product","3":"status-publish","4":"has-post-thumbnail","6":"product_cat-colares","7":"product_tag-4-petalas","8":"product_tag-colar","9":"product_tag-cravejado","10":"product_tag-folheado","11":"product_tag-prata-925","12":"product_tag-zirconia","14":"first","15":"outofstock","16":"shipping-taxable","17":"purchasable","18":"product-type-simple"},"aioseo_notices":[],"_links":{"self":[{"href":"https:\/\/www.flacunhasemijoias.com.br\/loja\/wp-json\/wp\/v2\/product\/6619","targetHints":{"allow":["GET"]}}],"collection":[{"href":"https:\/\/www.flacunhasemijoias.com.br\/loja\/wp-json\/wp\/v2\/product"}],"about":[{"href":"https:\/\/www.flacunhasemijoias.com.br\/loja\/wp-json\/wp\/v2\/types\/product"}],"wp:featuredmedia":[{"embeddable":true,"href":"https:\/\/www.flacunhasemijoias.com.br\/loja\/wp-json\/wp\/v2\/media\/6620"}],"wp:attachment":[{"href":"https:\/\/www.flacunhasemijoias.com.br\/loja\/wp-json\/wp\/v2\/media?parent=6619"}],"wp:term":[{"taxonomy":"product_brand","embeddable":true,"href":"https:\/\/www.flacunhasemijoias.com.br\/loja\/wp-json\/wp\/v2\/product_brand?post=6619"},{"taxonomy":"product_cat","embeddable":true,"href":"https:\/\/www.flacunhasemijoias.com.br\/loja\/wp-json\/wp\/v2\/product_cat?post=6619"},{"taxonomy":"product_tag","embeddable":true,"href":"https:\/\/www.flacunhasemijoias.com.br\/loja\/wp-json\/wp\/v2\/product_tag?post=6619"}],"curies":[{"name":"wp","href":"https:\/\/api.w.org\/{rel}","templated":true}]}}