{"id":7548,"date":"2026-02-27T17:43:32","date_gmt":"2026-02-27T20:43:32","guid":{"rendered":"https:\/\/www.flacunhasemijoias.com.br\/loja\/?post_type=product&#038;p=7548"},"modified":"2026-03-25T16:34:31","modified_gmt":"2026-03-25T19:34:31","slug":"colar-longo-mix-de-zirconias-com-pingentes-de-perolas","status":"publish","type":"product","link":"https:\/\/www.flacunhasemijoias.com.br\/loja\/produto\/colar-longo-mix-de-zirconias-com-pingentes-de-perolas\/","title":{"rendered":"Colar Mix de Zirc\u00f4nias com Pingente de P\u00e9rolas Banhado a Ouro 18k"},"content":{"rendered":"<p>Colar mix de zirc\u00f4nias, com p\u00e9rolas, banhado a ouro18k.<\/p>\n<p>Colar com 1,20m de comprimento.<\/p>\n","protected":false},"excerpt":{"rendered":"<p>Colar mix de zirc\u00f4nias, com p\u00e9rolas, banhado a ouro18k. Colar com 1,20m de comprimento.<\/p>\n","protected":false},"featured_media":7549,"template":"","meta":[],"product_brand":[],"product_cat":[46],"product_tag":[317,85,429,58],"class_list":{"0":"post-7548","1":"product","2":"type-product","3":"status-publish","4":"has-post-thumbnail","6":"product_cat-colares","7":"product_tag-banhado-ouro18k","8":"product_tag-colar","9":"product_tag-mix-de-zirconias","10":"product_tag-perola","12":"first","13":"outofstock","14":"shipping-taxable","15":"purchasable","16":"product-type-simple"},"aioseo_notices":[],"_links":{"self":[{"href":"https:\/\/www.flacunhasemijoias.com.br\/loja\/wp-json\/wp\/v2\/product\/7548","targetHints":{"allow":["GET"]}}],"collection":[{"href":"https:\/\/www.flacunhasemijoias.com.br\/loja\/wp-json\/wp\/v2\/product"}],"about":[{"href":"https:\/\/www.flacunhasemijoias.com.br\/loja\/wp-json\/wp\/v2\/types\/product"}],"wp:featuredmedia":[{"embeddable":true,"href":"https:\/\/www.flacunhasemijoias.com.br\/loja\/wp-json\/wp\/v2\/media\/7549"}],"wp:attachment":[{"href":"https:\/\/www.flacunhasemijoias.com.br\/loja\/wp-json\/wp\/v2\/media?parent=7548"}],"wp:term":[{"taxonomy":"product_brand","embeddable":true,"href":"https:\/\/www.flacunhasemijoias.com.br\/loja\/wp-json\/wp\/v2\/product_brand?post=7548"},{"taxonomy":"product_cat","embeddable":true,"href":"https:\/\/www.flacunhasemijoias.com.br\/loja\/wp-json\/wp\/v2\/product_cat?post=7548"},{"taxonomy":"product_tag","embeddable":true,"href":"https:\/\/www.flacunhasemijoias.com.br\/loja\/wp-json\/wp\/v2\/product_tag?post=7548"}],"curies":[{"name":"wp","href":"https:\/\/api.w.org\/{rel}","templated":true}]}}