{"id":7697,"date":"2026-03-14T13:20:47","date_gmt":"2026-03-14T16:20:47","guid":{"rendered":"https:\/\/www.flacunhasemijoias.com.br\/loja\/?post_type=product&#038;p=7697"},"modified":"2026-03-14T13:20:47","modified_gmt":"2026-03-14T16:20:47","slug":"escapulario-de-turmalina-rosa-com-nossa-senhora-das-gracas-banhado-a-ouro-18k","status":"publish","type":"product","link":"https:\/\/www.flacunhasemijoias.com.br\/loja\/produto\/escapulario-de-turmalina-rosa-com-nossa-senhora-das-gracas-banhado-a-ouro-18k\/","title":{"rendered":"Escapul\u00e1rio de Turmalina Rosa com Nossa Senhora das Gra\u00e7as Banhado a Ouro 18k"},"content":{"rendered":"<p>Escapul\u00e1rio com 70cm de comprimento, de turmalina rosa, com Nossa Senhora das Gra\u00e7as, banhado a ouro 18k.<\/p>\n","protected":false},"excerpt":{"rendered":"<p>Escapul\u00e1rio com 70cm de comprimento, de turmalina rosa, com Nossa Senhora das Gra\u00e7as, banhado a ouro 18k.<\/p>\n","protected":false},"featured_media":7708,"template":"","meta":[],"product_brand":[],"product_cat":[46],"product_tag":[271,120,355,308],"class_list":{"0":"post-7697","1":"product","2":"type-product","3":"status-publish","4":"has-post-thumbnail","6":"product_cat-colares","7":"product_tag-banhado-a-ouro-18k","8":"product_tag-escapulario","9":"product_tag-nossa-senhora-das-gracas","10":"product_tag-turmalina-rosa","12":"first","13":"instock","14":"shipping-taxable","15":"purchasable","16":"product-type-simple"},"aioseo_notices":[],"_links":{"self":[{"href":"https:\/\/www.flacunhasemijoias.com.br\/loja\/wp-json\/wp\/v2\/product\/7697","targetHints":{"allow":["GET"]}}],"collection":[{"href":"https:\/\/www.flacunhasemijoias.com.br\/loja\/wp-json\/wp\/v2\/product"}],"about":[{"href":"https:\/\/www.flacunhasemijoias.com.br\/loja\/wp-json\/wp\/v2\/types\/product"}],"wp:featuredmedia":[{"embeddable":true,"href":"https:\/\/www.flacunhasemijoias.com.br\/loja\/wp-json\/wp\/v2\/media\/7708"}],"wp:attachment":[{"href":"https:\/\/www.flacunhasemijoias.com.br\/loja\/wp-json\/wp\/v2\/media?parent=7697"}],"wp:term":[{"taxonomy":"product_brand","embeddable":true,"href":"https:\/\/www.flacunhasemijoias.com.br\/loja\/wp-json\/wp\/v2\/product_brand?post=7697"},{"taxonomy":"product_cat","embeddable":true,"href":"https:\/\/www.flacunhasemijoias.com.br\/loja\/wp-json\/wp\/v2\/product_cat?post=7697"},{"taxonomy":"product_tag","embeddable":true,"href":"https:\/\/www.flacunhasemijoias.com.br\/loja\/wp-json\/wp\/v2\/product_tag?post=7697"}],"curies":[{"name":"wp","href":"https:\/\/api.w.org\/{rel}","templated":true}]}}