{"id":7861,"date":"2026-03-19T17:51:47","date_gmt":"2026-03-19T20:51:47","guid":{"rendered":"https:\/\/www.flacunhasemijoias.com.br\/loja\/?post_type=product&#038;p=7861"},"modified":"2026-03-19T17:51:49","modified_gmt":"2026-03-19T20:51:49","slug":"corrente-elos-inspiracao-60cm-banhada-a-ouro18k","status":"publish","type":"product","link":"https:\/\/www.flacunhasemijoias.com.br\/loja\/produto\/corrente-elos-inspiracao-60cm-banhada-a-ouro18k\/","title":{"rendered":"Corrente Elos Inspira\u00e7\u00e3o 60cm Banhada a Ouro18k"},"content":{"rendered":"<p>Corrente elos inspira\u00e7\u00e3o, com 60cm de comprimento, banhada a ouro18k.<\/p>\n","protected":false},"excerpt":{"rendered":"<p>Corrente elos inspira\u00e7\u00e3o, com 60cm de comprimento, banhada a ouro18k.<\/p>\n","protected":false},"featured_media":7862,"template":"","meta":[],"product_brand":[],"product_cat":[401],"product_tag":[317,85,156],"class_list":{"0":"post-7861","1":"product","2":"type-product","3":"status-publish","4":"has-post-thumbnail","6":"product_cat-correntes","7":"product_tag-banhado-ouro18k","8":"product_tag-colar","9":"product_tag-elos","11":"first","12":"instock","13":"shipping-taxable","14":"purchasable","15":"product-type-simple"},"aioseo_notices":[],"_links":{"self":[{"href":"https:\/\/www.flacunhasemijoias.com.br\/loja\/wp-json\/wp\/v2\/product\/7861","targetHints":{"allow":["GET"]}}],"collection":[{"href":"https:\/\/www.flacunhasemijoias.com.br\/loja\/wp-json\/wp\/v2\/product"}],"about":[{"href":"https:\/\/www.flacunhasemijoias.com.br\/loja\/wp-json\/wp\/v2\/types\/product"}],"wp:featuredmedia":[{"embeddable":true,"href":"https:\/\/www.flacunhasemijoias.com.br\/loja\/wp-json\/wp\/v2\/media\/7862"}],"wp:attachment":[{"href":"https:\/\/www.flacunhasemijoias.com.br\/loja\/wp-json\/wp\/v2\/media?parent=7861"}],"wp:term":[{"taxonomy":"product_brand","embeddable":true,"href":"https:\/\/www.flacunhasemijoias.com.br\/loja\/wp-json\/wp\/v2\/product_brand?post=7861"},{"taxonomy":"product_cat","embeddable":true,"href":"https:\/\/www.flacunhasemijoias.com.br\/loja\/wp-json\/wp\/v2\/product_cat?post=7861"},{"taxonomy":"product_tag","embeddable":true,"href":"https:\/\/www.flacunhasemijoias.com.br\/loja\/wp-json\/wp\/v2\/product_tag?post=7861"}],"curies":[{"name":"wp","href":"https:\/\/api.w.org\/{rel}","templated":true}]}}